 x(-6)?
7
Let f(g) be the second derivative of 1/6*g**3 - 3*g**2 - 1/12*g**4 + 3*g + 0. Calculate f(0).
-6
Let s(m) = -m**3 - 2*m - 1. Let a be (1*(-12)/2)/(-2). Let y(z) = -2*z**3 - z**2 - 4*z - 2. Let i(c) = a*y(c) - 5*s(c). Determine i(-2).
-1
Let x(f) be the second derivative of -f**5/10 + f**4/6 - f**2/2 + 2*f. Let p be x(-1). Let g(s) = -3*s + 3. What is g(p)?
-6
Let l(f) be the third derivative of -f**4/8 - f**3/2 - f**2. Let p(n) = 5 + 0*n + n - 16. Let i be p(8). Give l(i).
6
Let p = -94 + 189/2. Let k(h) be the first derivative of 2 + h + p*h**2. Determine k(-1).
0
Let f be (-16)/(-8)*2/4. Let y = 1 + -1. Let a(k) = k**2 - 2 - 3*k**3 + 1 + y*k**3. Give a(f).
-3
Let a(h) be the first derivative of -h**5/40 - 7*h**4/24 + 5*h**3/3 - 3. Let x(o) be the third derivative of a(o). What is x(-5)?
8
Let l(x) = -x**3 - 5*x**2 - 5*x + 3. Let d = -34 + 30. What is l(d)?
7
Let f be (1/(-2))/(1/2). Let a(w) = -4*w**3 - w. Determine a(f).
5
Let x be 0/(1/((-3)/(-6))). Suppose -3*g - g + 8 = x. Let f(h) = h**3 - 2*h**2 + 3*h - 2. Give f(g).
4
Let u(i) = i**2 + 5*i - 5. Let a be u(-5). Let v(p) = -3*p - 4295 + 6*p + 4299. Calculate v(a).
-11
Let i = -4 - -2. Let z be i/(-4) - (-11)/(-2). Let x(g) be the third derivative of g**6/120 + g**5/12 + 2*g**3/3 - g**2. Calculate x(z).
4
Suppose 4*b - 2*b = -10. Let k(y) = 1. Let r(t) = t + 7. Let v(q) = 4*k(q) + r(q). What is v(b)?
6
Let s(u) = -5*u - 2. Let t(q) = -q - 1. Let i(m) = s(m) - 4*t(m). Let d(g) = g + 0*g + 2*g**2 - 4*g. Let o be d(2). Give i(o).
0
Let h(w) = w**2 - 1. Let i = 8 - 4. Let a be -2 + i - (0 + 4). Determine h(a).
3
Let u(g) = 2*g**3 - 3*g**2 + 5*g + 4 - 3*g**3 + g. Let i be (-1 - 2)*(-8)/(-6). Calculate u(i).
-4
Let m = -8 + 6. Let w = 2 + 7. Let l(d) = 4*d**3 - d**2 - 5*d - 17. Let b(f) = f**3 - f - 4. Let u(o) = w*b(o) - 2*l(o). Determine u(m).
-4
Let w be ((14/10)/(-1))/((-10)/50). Let q(k) = -k + 16. Calculate q(w).
9
Let n(r) = -5*r - 8. Let t(z) = 2*z + 3. Let w(i) = -3*n(i) - 8*t(i). Calculate w(-2).
2
Let u(p) = -p**2 - 2*p + 1. Suppose 98 + 106 = 3*i. Let x be (-3 + i/20)*5. Calculate u(x).
-7
Let n(f) = -f. Suppose 16 = v + 3*a, 0*v + 4*a = 4*v. Suppose v*p - 7 = 17. Determine n(p).
-6
Let o(u) = -3*u**2 + 3*u - 3. Let q(y) = -y**2 + 10*y - 7. Let h be q(9). Give o(h).
-9
Let u(c) = 14*c - 34. Let j(g) = 5*g - 11. Let r(q) = 11*j(q) - 4*u(q). What is r(8)?
7
Let y(v) = 13*v**2 - 28*v + 23. Let d(w) = -3*w**2 + 7*w - 6. Let g(z) = -9*d(z) - 2*y(z). What is g(6)?
2
Let s = 7 - 17. Let z(y) = -y**3 - 11*y**2 - 9*y + 8. Give z(s).
-2
Let h(j) = -j**3 + 6*j**2 - 5*j + 4. Suppose 2 = -5*x - 3. Let o be (-5)/x*(-5 + 6). What is h(o)?
4
Suppose 5*q - 5*m + 25 = -0*q, -5*q + 2*m = 37. Let u = 9 + q. Let x(f) = 2 - f - 6 + 3. What is x(u)?
-1
Suppose -4 = 5*n + 21. Let m(v) = -v**3 - 4*v**2 + 5*v - 5. Calculate m(n).
-5
Let i(n) = 13*n**3 - 4*n**2 + 1. Let x(g) = 13*g**3 - 5*g**2 - g + 2. Let b(o) = 3*i(o) - 2*x(o). What is b(1)?
12
Let c(g) = -g**3 - 9*g**2 + 11*g + 10. Let y be c(-10). Suppose y*q + q = 2. Let w(z) = z**3 - 2*z**2 - z. Give w(q).
-2
Let i(r) = -10*r**2 + 8*r**2 + 9 + 3*r**2 + r. Determine i(0).
9
Let c = -9 - -12. Suppose c = -4*z + 3*z. Let a(j) = j**2 + 4 + 6*j - 2 + 0. Determine a(z).
-7
Let y(f) be the second derivative of -f**4/12 + 4*f**3/3 - 2*f**2 - 7*f. Determine y(7).
3
Let m(y) = -5*y - 8. Let s be m(0). Let t(l) = -l - 2. What is t(s)?
6
Let j(l) = -l**2 - 8. Let i(p) = p**2 + 9. Let s(y) = -3*i(y) - 4*j(y). Calculate s(0).
5
Let p(d) = d**2 - d + 4. Let f be p(0). Let i(u) = -u**2 + 5. Determine i(f).
-11
Let h(g) be the third derivative of g**5/60 - 5*g**4/24 - g**3/2 + 10*g**2. Calculate h(4).
-7
Let i(n) = n**3 - n. Suppose h + 2*h = 6. Calculate i(h).
6
Let j(v) = 3*v**2 - 3*v - 1. Let b(c) = 4*c**2 - 4*c - 2. Let h(z) = -2*b(z) + 3*j(z). What is h(-2)?
7
Let d(y) = y**3 + 2*y**2 - 5*y - 2. Let n = 24 - 27. Give d(n).
4
Let f(l) = l + 18. Let c = 38 + -38. What is f(c)?
18
Let f(j) = j + 1. Let x be f(-3). Let l(y) = -y + y - y + 0. Calculate l(x).
2
Let o be (-1)/2*-1*2. Suppose 0 = 3*j - 2 - o. Let u(h) = -h + 4*h - 2*h. What is u(j)?
1
Let k be 6/27 - (-244)/36. Let d(z) = z - 8. Give d(k).
-1
Let q(p) = -p**2 + 5*p + 5. Let y(k) be the second derivative of k**3/3 - 4*k**2 - 3*k. Let l be y(6). Determine q(l).
9
Let u = -1 - -4. Let k(b) = 5*b - 2*b + 0*b + u. Give k(-2).
-3
Let s(g) = 4*g. Suppose -27 = -3*h - 3*y, h + 0*h + 6 = 2*y. Suppose -2*k - 2*b = -8, h*k - b = 3*b. Calculate s(k).
8
Let f(c) = -4*c + 9*c + 10 - 6*c + 1. Give f(9).
2
Let a(p) = 5*p - 2. Let z(y) = -9*y + 5. Let u(b) = 5*a(b) + 3*z(b). Let f = -10 + 16. Suppose 4*l - 12 = j - f*j, -5*j + 22 = -l. Calculate u(j).
-3
Let p be (-300)/(-120) - ((-2)/4 + 1). Let z(g) = -g**3 + 4*g**2 - 2*g + 3. Determine z(p).
7
Let f be (10*-4)/(-5) + -1. Let b(a) = -a - 6. Determine b(f).
-13
Let n(w) = -4*w**2 + 2*w + 2. Let o(i) = -11*i**2 + i - 1. Let u(l) = 10*l**2 - 2*l. Let b(z) = -3*o(z) - 4*u(z). Let g(k) = -3*b(k) + 5*n(k). What is g(5)?
1
Let u(h) = h - 1. Let q be u(6). Suppose 40 = q*k - 5*l, -4*k - 9 = -l - 26. Suppose k*f + 12 = 5*d - 11, -2*d + 5 = 3*f. Let p(c) = c. What is p(f)?
-1
Let t(x) = x**3 + 3*x**2 - 3*x. Let h = 184 - 188. Determine t(h).
-4
Let z be (-9 - -9)/(2/1). Let n(x) = -x - 13. Determine n(z).
-13
Let b(m) be the second derivative of m**4/12 + m**3 + 7*m**2/2 + m. Let t = -6 - -4. Let h = -3 + t. Calculate b(h).
2
Let r be (-1 + -2)*(1 - 2). Let m(t) = -34*t**3 - 4*t**2 + t - 2*t + 73*t**3 - 38*t**3 + 4. Determine m(r).
-8
Let s(y) = -89*y + 2 + 172*y - 85*y. Give s(1).
0
Let x(d) be the second derivative of d**3/3 - 2*d**2 + 16*d. What is x(4)?
4
Let i(w) = w**3 + w**2 - 5*w - 4. Let z(q) be the third derivative of q**4/24 + q**3/3 - 7*q**2. Let j be z(-5). What is i(j)?
-7
Let o be (2/(-4))/((-3)/30). Let y(f) = f**2 - 5*f + 3. Let q be y(o). Suppose -i + 2 = q. Let l(v) = 5*v**2. Calculate l(i).
5
Let u be 0/(-1 - 0) + 1. Let w(r) = 2 - 2*r + 0*r + 4*r**2 - 1 + 0. Calculate w(u).
3
Let c(l) = 4*l + 1. Let a(j) = 0*j + 1 + 5*j + 2*j. Suppose -4*g + 28 - 2 = 2*o, 2*o = -2*g + 16. Let h(u) = g*c(u) - 3*a(u). Determine h(5).
-3
Let l(j) = 2 - 14*j - 9*j + 20*j. What is l(-2)?
8
Suppose 6*k - 2*k = -4. Suppose 6*j = 2*j. Let l(g) = 2 - 2 + j*g - 1 + g. Calculate l(k).
-2
Let n(s) be the third derivative of -s**5/60 + 5*s**4/24 + s**3/2 - 3*s**2. Let m(u) be the first derivative of n(u). Determine m(5).
-5
Let a(h) = -7*h. Suppose 2*o = 5*o - 5*g - 8, 3*o + 8 = g. Let w = o - -5. Let f = w + -2. Give a(f).
7
Let m(x) be the third derivative of 1/12*x**4 + 0 + 3*x**2 + 0*x - 5/6*x**3. What is m(6)?
7
Let u(y) be the third derivative of y**6/120 - y**5/30 - y**4/24 + y**3/6 + 7*y**2 + 3. Calculate u(2).
-1
Let b(m) = m**3 - 6*m**2 + 7*m - 4. Let r = 97 + -93. What is b(r)?
-8
Let h(q) = -q**3 + 6*q**2 + q + 6. Let i(r) = -r**3 + 7*r**2 + r + 6. Let o(x) = -7*h(x) + 6*i(x). What is o(0)?
-6
Let k(w) = -w**3 + 4 + 0 + 6*w - w**2 - w. Let z = 1 - -3. Suppose -f + 0*f + 4 = -3*b, -2*b - z*f - 26 = 0. What is k(b)?
7
Let i(b) = -5 + 13 - 2*b - 7. Determine i(2).
-3
Let t = 6 - 10. Let l(d) = -d. Let r(n) be the first derivative of 3*n**2 + 3*n - 4. Let z(b) = 3*l(b) + r(b). Determine z(t).
-9
Let c(n) = 2*n**3 + 15*n**2 + 3*n - 19. Let k(h) = -29 - 3*h + 8*h + 3*h**3 + 8*h**2 + 18*h**2 - 3*h**2. Let z(j) = -8*c(j) + 5*k(j). Calculate z(-5).
2
Suppose -4*q - 12 = -0. Let g be 39/(-21) + q/21. Let j(n) = -2*n - 1. Determine j(g).
3
Let x = -8 - -14. Let q(g) = g**2 - 7*g + 7. Determine q(x).
1
Let j(p) = 7*p**2 - 6 + p**3 + 6 + p + 1. Let h be -1 - 3 - (3 + 0). Determine j(h).
-6
Let r(h) = 11*h**3 - h**2 + 5*h - 1. Let x(q) = -6*q + 4*q**2 + 1 + q**2 - 4*q**2 - 5*q**3 - 7*q**3. Let z(n) = 5*r(n) + 4*x(n). Calculate z(1).
6
Let y be (3 + -3 - 2/(-2))*3. Let m(n) = 2 + 2*n + 0*n**2 - n**2 + 0*n. Determine m(y).
-1
Let o(g) = -g**2 + 5. Let s be o(0). Suppose -16 + 2 = -s*h + 4*z, h = -5*z - 3. Let w(m) = m**3 - 2*m**2 + 2. Calculate w(h).
2
Suppose -3*l - 2*l = 4*d + 1, -3*d = 4*l. Let j(v) be the first derivative of 2 - 2*v**2 - 1/3*v**l - 6*v. Give j(-4).
-6
Let o = -9 + 4. Let a(t) = t**3 + 4*t**2 - 6*t - 5. Determine a(o).
0
Let g(p) = 52 + 57 - 147 + 3*p + 45. 